 be ((-10)/3)/(1/3). Is 138/(-15)*k/2 a prime number?
False
Let r(w) be the third derivative of -w**6/120 + w**5/15 + w**4/8 - w**3/2 - w**2. Let y(a) = a + 4. Let u be y(-7). Is r(u) composite?
True
Let u be -1*-1*12/2. Let x be (-2)/(-4) + 21/u. Is (-142)/(-6) - x/6 prime?
True
Suppose 318 = 3*k - 5979. Is k a composite number?
False
Suppose j + 57 = -3*t, 4*t - 3*t = -5*j - 215. Let m = j - -101. Is m a composite number?
False
Let p(z) = 52*z**2 + z + 1. Suppose -4*g - 8 = -8*g. Is p(g) prime?
True
Let l(v) = -v**3 - 8*v**2 - 12*v - 1. Let p be l(-9). Suppose t + t = p. Is t a composite number?
True
Is (-4)/(-4) + 2 + 1360 - 2 prime?
True
Let y be (-1 - -2)/((-3)/(-6)). Suppose y*b - 4 = b. Suppose b*s + 158 = -g + 3*g, 0 = -4*g - s + 316. Is g composite?
False
Let f(m) = -28*m**3 + 2*m + 1. Let q(h) = -h**3 - 12*h**2 - 12*h - 12. Let a be q(-11). Let z be f(a). Suppose -z = -g + 12. Is g prime?
False
Suppose -17 = -w - 6. Let r(h) be the second derivative of -h**4/12 + 2*h**3 + 2*h**2 + h. Is r(w) a composite number?
True
Let h(b) be the third derivative of 0 - b**2 - 1/120*b**6 + 7/24*b**4 + 7/6*b**3 + 1/10*b**5 + 0*b. Is h(6) composite?
True
Let w(p) be the second derivative of 7*p**3/3 - 3*p**2/2 + 4*p. Is w(4) composite?
False
Suppose 0 = -7*f + 4*f - 12. Is (-259)/f + (-2)/(-8) a composite number?
True
Let b(q) be the second derivative of 44*q**3/3 - 7*q**2/2 - 2*q. Is b(9) a composite number?
True
Suppose -3*b + 56 = -214. Suppose 453 - b = 3*f. Is f a prime number?
False
Let a(j) = j + 1. Suppose -4*x - 22 = -5*x + 5*k, 5*x - 50 = 5*k. Let r be a(x). Is (-2)/r - (-2036)/16 a composite number?
False
Let t = -323 - -702. Is t a composite number?
False
Let r(s) = 14*s**2 + 7*s - 14. Is r(-7) prime?
False
Suppose -3*t = -7 - 32. Is t a composite number?
False
Suppose 3*o + 5*w - 35 = 0, -2*o - 5*w = 6 - 36. Suppose i + 152 = o*i. Is i prime?
False
Suppose 3*l = 5*c - 19, -3*l + 15 - 4 = c. Suppose 2*b - 4*a = 7*b - 335, 5*b - l*a = 335. Is b a prime number?
True
Let x(r) = 56*r**2 + 3*r - 17. Is x(6) a composite number?
False
Let f(x) be the second derivative of -x**5/20 + 53*x**2/2 + 5*x. Is f(0) a composite number?
False
Let z(u) = u**2 + 2*u - 4. Let x(v) = -v + 3. Let y be x(-4). Is z(y) a composite number?
False
Let u(p) = -p**3 + 6*p**2 + 7*p - 2. Let x be u(7). Is (635/(x - -3))/1 a prime number?
False
Let x be 21/7 + 6/(-2). Suppose x = -3*p - 2*u + 612, 2*u = -2*p + u + 407. Suppose 3*k = -9, 2*z - p = -2*k + 6*k. Is z a prime number?
False
Let k(a) = -a**2 - 15*a - 1. Suppose 0*v + 4*v - 5 = x, 0 = 2*x + v + 19. Is k(x) prime?
True
Let i(a) = -46*a - 73. Is i(-12) composite?
False
Let v(c) = -c**3 - 5*c**2 + 6*c + 2. Let p be (-3)/2*(-2 - -6). Let d be p + (-2 + 2)/2. Is v(d) a prime number?
True
Let g = -42 - -183. Is g + 4*1/(-2) prime?
True
Let l(o) = 5*o**3 - o**2 - 3*o + 1. Let h be l(2). Suppose b - 14 = h. Suppose 3*m - b - 186 = 0. Is m a prime number?
False
Suppose 9 = -2*n + 5*n. Suppose n*b + q = 13, 0*b - b + 3*q + 1 = 0. Suppose b*g - 2*u + 6*u - 68 = 0, -g + 9 = 5*u. Is g composite?
False
Let z = -877 - -518. Let p = -248 - z. Is p a prime number?
False
Let o be (-4)/(-10) - (-182)/70. Suppose o*x - l - 1910 = 0, 0 = 3*l + 8 + 7. Is x a prime number?
False
Suppose 987 = 5*b - 2*b. Is b composite?
True
Suppose 5*s = -3*d + 16, -5*d + 6 - 2 = -3*s. Suppose s*j - j - 26 = 0. Is (-13)/(2 + (-54)/j) prime?
False
Let o(k) = -k**3 - 4*k**2 + 5*k + 3. Let c be o(-5). Suppose g - 34 = 2*f, -c*g - 2*f = -20 - 82. Is g a composite number?
True
Suppose 2*o = 1237 - 447. Is o composite?
True
Let x = 400 + -222. Is x prime?
False
Suppose 3410 = 4*r - 2186. Is r a composite number?
False
Let b(u) be the second derivative of -u**5/20 + 11*u**4/12 - 4*u**3/3 - u**2/2 - 4*u. Is b(8) prime?
True
Let b(r) = -r + 4. Let w be b(4). Suppose -q + 3 + 0 = w. Suppose -106 = -3*s + 2*y, -q*s - 3*y = -0*y - 126. Is s prime?
False
Let x(o) = 110*o**2 - 2*o - 7. Is x(-4) composite?
True
Let v(o) = -2*o + 2 + 0*o - o**2 + 0*o - 2*o. Let s be v(-5). Is (116*-3)/s - 1 a composite number?
True
Let h = 642 + -109. Is h prime?
False
Let f(g) = g**3 + 6*g**2 + g + 6. Let w be f(-6). Let n be (35 - w)*2/(-5). Is (1 - 2)*n/2 a composite number?
False
Let z = 4 - -1. Suppose -z*p = -f - 93, 0*f + 65 = 3*p + 4*f. Is p a prime number?
True
Suppose -2*t - 24 = -3*p, 1 - 9 = 2*t + 5*p. Let u be 1/(-2)*(-2)/1. Is u/(-1*1/t) a composite number?
True
Suppose 2*f + 107 = -71. Let n = 134 - f. Is n composite?
False
Let g(m) = -3*m - 4. Let z(n) = 2*n + 3. Let c(x) = -4*g(x) - 3*z(x). Suppose 18 - 3 = 3*p. Is c(p) a composite number?
False
Suppose -c + 185 = -3*d, 4*d - 357 = -3*c + 224. Is c prime?
True
Let k be -2 + 3 - 124/(-2). Let l(a) = 8*a. Let g be l(-4). Let d = k + g. Is d a prime number?
True
Suppose -r = -3*w - 194, -3*r + 5*w - 624 = -6*r. Is r composite?
True
Let s(t) = -t**3 + 5*t**2 + 7*t + 1. Let p = -1 + 3. Suppose f + 5*h + 19 = 0, f + p*h - 2 + 6 = 0. Is s(f) composite?
False
Let f = 540 + 709. Is f a composite number?
False
Suppose 0 = -b - 14 - 322. Let t = b - -569. Is t a composite number?
False
Let o be (6/4)/(9/24). Let m(r) = r**3 + 7*r**2 - 5*r - 3. Let n(b) = -b**3 - 6*b**2 + 5*b + 3. Let w(v) = -3*m(v) - 4*n(v). Is w(o) a prime number?
True
Let u(k) = -k**3 + 2*k**2 - 6*k + 1. Let d be 2 - -1 - (0 - -9). Let z(w) = -w**2. Let p(i) = d*z(i) + u(i). Is p(5) a composite number?
True
Suppose 6*p - 2*p - 12 = 0. Let b be ((-7)/p + 2)*-6. Suppose 2*s - 48 = z, -b*s + z + 100 = 2*s. Is s a prime number?
False
Let b(h) = 12*h - 16. Let c(z) = 8*z - 11. Let n(t) = -5*b(t) + 7*c(t). Let d be n(3). Let w(g) = g**3 + 10*g**2 + 4*g - 8. Is w(d) a prime number?
True
Let v = -48 + 20. Let d = v + 47. Is d prime?
True
Let i = 6 + -7. Let u be 2 + -1 - (-2)/i. Is (-14)/6*(-20 + u) a prime number?
False
Let q be (-2)/2 + 8 + -3. Suppose -159 = -j - 5*c, q*j - 5*c + 308 = 6*j. Is j composite?
False
Let k(t) = t**3 - 3*t**2 - 5*t + 6. Let x be k(4). Suppose x*r = -r. Suppose -3*w - 4 + 25 = r. Is w composite?
False
Let q(o) = -3*o. Let i be q(-3). Let w be (-4)/(-6)*i/2. Suppose w*u - 58 = -4*v + 217, 5*v - 300 = 5*u. Is v composite?
True
Let n = -2 + 6. Suppose 4*y - 6*y - 3*p = 7, 5*p = -n*y - 13. Is 22*2*y/(-4) a composite number?
True
Let m(h) = 6*h**2 + 15*h - 8. Is m(13) prime?
True
Let r(q) = q**3 + 18*q**2 + 33*q - 9. Is r(-13) composite?
True
Let p(o) = o**3 + 8*o**2. Let w be p(-8). Suppose 2*n + 5*m - 5 = w, 4*n - 4 = 3*n - 4*m. Is 5/(-5)*(-89 - n) composite?
False
Suppose -2 = 2*c - 10. Suppose -c*g - 17 = p, 3*p - 10 = 2*g + 9. Suppose -p*m + 4*m - 53 = 0. Is m prime?
True
Let g(x) = -29*x - 7. Suppose -19 = 4*w - 5*m, -2*w + m + 25 = -6*w. Let r be g(w). Suppose -5*o + r + 118 = 0. Is o a composite number?
True
Suppose -15*n - 2938 = -23083. Is n a composite number?
True
Let f(w) = 86*w**3 + w**2 - 2*w - 1. Let d be f(2). Suppose -988 - d = -5*u. Suppose 7*k - 2*k - u = 0. Is k a prime number?
True
Let j(v) = 14 - v**2 - 6*v + 0*v - 4*v. Is j(-10) a prime number?
False
Suppose -4*n + 5920 = 4*m, m - 8*n = -7*n + 1482. Is m prime?
True
Let b(i) be the first derivative of -i**4/4 + i**3 - 2*i - 1. Let s be b(2). Suppose -y + 138 = s*y. Is y a prime number?
False
Is (-4)/(-10) - 244674/(-90) composite?
False
Let v be 4/(-10) - 6/(-15). Suppose v = -z - 2*z + 1191. Is z prime?
True
Suppose 4*c + j = -j + 878, c + 4*j = 237. Is c a composite number?
True
Let i(n) = 2*n**2 + n + 8. Is i(-6) a prime number?
False
Suppose t = -2*h + 6*t + 10644, 0 = 5*t + 10. Is h a composite number?
True
Is (4/((-12)/(-199)))/((-3)/(-27)) a composite number?
True
Suppose -5*w + 4*c = 2*c + 1, -c + 3 = 0. Suppose w = 3*y + 7. Let g = 17 - y. Is g prime?
True
Let m = 18 + 164. Let b = m - 129. Is b a prime number?
True
Suppose -3*b = -2*u - 1892, -b - u + 3*u + 624 = 0. Is b prime?
False
Suppose s = 4*q - 3*q + 7, 3*s = q + 11. Let d(r) = r**s + 0*r**2 + 4 - r - 4 + 79*r**3. Is d(1) a prime number?
True
Let i(c) = 106*c - 7. Let d be i(9). Let a = d + -592. Is a a composite number?
True
Suppose -l - 4*f = -4*l + 203, 3*f - 254 = -4*l. Let o = -3 + l. Is o composite?
True
Suppose -k = -l + 257, 2*l + k + 87 = 592. Is l a composite number?
True
Suppose -4*l = -